{"id":9236,"date":"2024-09-17T19:28:43","date_gmt":"2024-09-17T17:28:43","guid":{"rendered":"https:\/\/pandita.mx\/?post_type=product&#038;p=9236"},"modified":"2024-09-17T19:46:06","modified_gmt":"2024-09-17T17:46:06","slug":"natanael-cano-2","status":"publish","type":"product","link":"https:\/\/pandita.mx\/index.php\/producto\/natanael-cano-2\/","title":{"rendered":"Natanael Cano"},"content":{"rendered":"<p>las playeras de Nataniel Cano y sus \u00e9xitos m\u00e1s populares! Desde &#8216;Soy El Diablo&#8217; hasta &#8216;Gente Bien,&#8217; nuestras playeras presentan dise\u00f1os inspirados en tus canciones favoritas del \u00eddolo del corrido tumbado<\/p>\n","protected":false},"excerpt":{"rendered":"<p>las playeras de Nataniel Cano y sus \u00e9xitos m\u00e1s populares! Desde &#8216;Soy El Diablo&#8217; hasta &#8216;Gente Bien,&#8217; nuestras playeras presentan dise\u00f1os inspirados en tus canciones favoritas del \u00eddolo del corrido tumbado<\/p>\n","protected":false},"featured_media":9087,"comment_status":"open","ping_status":"closed","template":"","meta":{"_et_pb_use_builder":"","_et_pb_old_content":"","_et_gb_content_width":""},"product_cat":[111],"product_tag":[],"class_list":{"0":"post-9236","1":"product","2":"type-product","3":"status-publish","4":"has-post-thumbnail","6":"product_cat-musica-mexico","7":"pa_color-blanco","8":"pa_color-negro","10":"first","11":"instock","12":"shipping-taxable","13":"purchasable","14":"product-type-variable"},"_links":{"self":[{"href":"https:\/\/pandita.mx\/index.php\/wp-json\/wp\/v2\/product\/9236","targetHints":{"allow":["GET"]}}],"collection":[{"href":"https:\/\/pandita.mx\/index.php\/wp-json\/wp\/v2\/product"}],"about":[{"href":"https:\/\/pandita.mx\/index.php\/wp-json\/wp\/v2\/types\/product"}],"replies":[{"embeddable":true,"href":"https:\/\/pandita.mx\/index.php\/wp-json\/wp\/v2\/comments?post=9236"}],"wp:featuredmedia":[{"embeddable":true,"href":"https:\/\/pandita.mx\/index.php\/wp-json\/wp\/v2\/media\/9087"}],"wp:attachment":[{"href":"https:\/\/pandita.mx\/index.php\/wp-json\/wp\/v2\/media?parent=9236"}],"wp:term":[{"taxonomy":"product_cat","embeddable":true,"href":"https:\/\/pandita.mx\/index.php\/wp-json\/wp\/v2\/product_cat?post=9236"},{"taxonomy":"product_tag","embeddable":true,"href":"https:\/\/pandita.mx\/index.php\/wp-json\/wp\/v2\/product_tag?post=9236"}],"curies":[{"name":"wp","href":"https:\/\/api.w.org\/{rel}","templated":true}]}}