{"id":7901,"date":"2024-09-08T00:10:37","date_gmt":"2024-09-07T22:10:37","guid":{"rendered":"https:\/\/pandita.mx\/?post_type=product&#038;p=7901"},"modified":"2024-09-08T00:13:08","modified_gmt":"2024-09-07T22:13:08","slug":"escorpion-maya-2","status":"publish","type":"product","link":"https:\/\/pandita.mx\/index.php\/producto\/escorpion-maya-2\/","title":{"rendered":"Escorpion Maya"},"content":{"rendered":"<p>Dise\u00f1o de playeras que combinan la sabidur\u00eda astrol\u00f3gica con la belleza de los patrones mayas, perfectas para los amantes de la astrolog\u00eda y la cultura antigua<\/p>\n","protected":false},"excerpt":{"rendered":"<p>Dise\u00f1o de playeras que combinan la sabidur\u00eda astrol\u00f3gica con la belleza de los patrones mayas, perfectas para los amantes de la astrolog\u00eda y la cultura antigua<\/p>\n","protected":false},"featured_media":7819,"comment_status":"open","ping_status":"closed","template":"","meta":{"_et_pb_use_builder":"","_et_pb_old_content":"","_et_gb_content_width":""},"product_cat":[108],"product_tag":[],"class_list":{"0":"post-7901","1":"product","2":"type-product","3":"status-publish","4":"has-post-thumbnail","6":"product_cat-09_zodiaco","7":"pa_color-blanco","8":"pa_color-negro","10":"first","11":"instock","12":"shipping-taxable","13":"purchasable","14":"product-type-variable"},"_links":{"self":[{"href":"https:\/\/pandita.mx\/index.php\/wp-json\/wp\/v2\/product\/7901","targetHints":{"allow":["GET"]}}],"collection":[{"href":"https:\/\/pandita.mx\/index.php\/wp-json\/wp\/v2\/product"}],"about":[{"href":"https:\/\/pandita.mx\/index.php\/wp-json\/wp\/v2\/types\/product"}],"replies":[{"embeddable":true,"href":"https:\/\/pandita.mx\/index.php\/wp-json\/wp\/v2\/comments?post=7901"}],"wp:featuredmedia":[{"embeddable":true,"href":"https:\/\/pandita.mx\/index.php\/wp-json\/wp\/v2\/media\/7819"}],"wp:attachment":[{"href":"https:\/\/pandita.mx\/index.php\/wp-json\/wp\/v2\/media?parent=7901"}],"wp:term":[{"taxonomy":"product_cat","embeddable":true,"href":"https:\/\/pandita.mx\/index.php\/wp-json\/wp\/v2\/product_cat?post=7901"},{"taxonomy":"product_tag","embeddable":true,"href":"https:\/\/pandita.mx\/index.php\/wp-json\/wp\/v2\/product_tag?post=7901"}],"curies":[{"name":"wp","href":"https:\/\/api.w.org\/{rel}","templated":true}]}}