{"id":688,"date":"2024-01-26T02:42:37","date_gmt":"2024-01-26T01:42:37","guid":{"rendered":"https:\/\/pandita.mx\/?post_type=product&#038;p=688"},"modified":"2024-01-26T02:57:20","modified_gmt":"2024-01-26T01:57:20","slug":"diseno-49ers-san-francisco","status":"publish","type":"product","link":"https:\/\/pandita.mx\/index.php\/producto\/diseno-49ers-san-francisco\/","title":{"rendered":"Brock Purdy"},"content":{"rendered":"<p><span class=\"xv78j7m\" spellcheck=\"false\">Dise\u00f1o de playera 49ers de San Francisco del quaterback Brock Purdy, hasta mi \u00faltimo aliento en el campo, dar\u00e9 lo mejor de mi #BrockPurdy #nfl #49ers #dtfprinting #serigrafia #Aguascalientes<\/span><\/p>\n","protected":false},"excerpt":{"rendered":"<p><span class=\"xv78j7m\" spellcheck=\"false\">Dise\u00f1o de playera 49ers de San Francisco del quaterback Brock Purdy, hasta mi \u00faltimo aliento en el campo, dar\u00e9 lo mejor de mi #BrockPurdy #nfl #49ers #dtfprinting #serigrafia #Aguascalientes<\/span><\/p>\n","protected":false},"featured_media":689,"comment_status":"open","ping_status":"closed","template":"","meta":{"_et_pb_use_builder":"","_et_pb_old_content":"","_et_gb_content_width":""},"product_cat":[24,27],"product_tag":[],"class_list":{"0":"post-688","1":"product","2":"type-product","3":"status-publish","4":"has-post-thumbnail","6":"product_cat-nfl","7":"product_cat-semitono","9":"first","10":"instock","11":"shipping-taxable","12":"purchasable","13":"product-type-simple"},"_links":{"self":[{"href":"https:\/\/pandita.mx\/index.php\/wp-json\/wp\/v2\/product\/688","targetHints":{"allow":["GET"]}}],"collection":[{"href":"https:\/\/pandita.mx\/index.php\/wp-json\/wp\/v2\/product"}],"about":[{"href":"https:\/\/pandita.mx\/index.php\/wp-json\/wp\/v2\/types\/product"}],"replies":[{"embeddable":true,"href":"https:\/\/pandita.mx\/index.php\/wp-json\/wp\/v2\/comments?post=688"}],"wp:featuredmedia":[{"embeddable":true,"href":"https:\/\/pandita.mx\/index.php\/wp-json\/wp\/v2\/media\/689"}],"wp:attachment":[{"href":"https:\/\/pandita.mx\/index.php\/wp-json\/wp\/v2\/media?parent=688"}],"wp:term":[{"taxonomy":"product_cat","embeddable":true,"href":"https:\/\/pandita.mx\/index.php\/wp-json\/wp\/v2\/product_cat?post=688"},{"taxonomy":"product_tag","embeddable":true,"href":"https:\/\/pandita.mx\/index.php\/wp-json\/wp\/v2\/product_tag?post=688"}],"curies":[{"name":"wp","href":"https:\/\/api.w.org\/{rel}","templated":true}]}}