{"id":412,"date":"2024-01-13T06:41:28","date_gmt":"2024-01-13T05:41:28","guid":{"rendered":"https:\/\/pandita.mx\/?post_type=product&#038;p=412"},"modified":"2024-01-14T17:09:33","modified_gmt":"2024-01-14T16:09:33","slug":"mickey-mouse-dia-del-amor","status":"publish","type":"product","link":"https:\/\/pandita.mx\/index.php\/producto\/mickey-mouse-dia-del-amor\/","title":{"rendered":"Mickey Mouse d\u00eda del amor"},"content":{"rendered":"<p>En el m\u00e1gico reino del amor, Mickey y Minnie Mouse son la pareja que ilumina cada rinc\u00f3n con risas, dulzura y orejas enredadas. Juntos, escriben un cuento eterno lleno de felicidad. \ud83d\udc2d\u2764\ufe0f\ud83d\udc2d #DiaDelAmorMickeyYMinnie<\/p>\n","protected":false},"excerpt":{"rendered":"<p>En el m\u00e1gico reino del amor, Mickey y Minnie Mouse son la pareja que ilumina cada rinc\u00f3n con risas, dulzura y orejas enredadas. Juntos, escriben un cuento eterno lleno de felicidad. \ud83d\udc2d\u2764\ufe0f\ud83d\udc2d #DiaDelAmorMickeyYMinnie<\/p>\n","protected":false},"featured_media":390,"comment_status":"open","ping_status":"closed","template":"","meta":{"_et_pb_use_builder":"","_et_pb_old_content":"","_et_gb_content_width":""},"product_cat":[25],"product_tag":[],"class_list":{"0":"post-412","1":"product","2":"type-product","3":"status-publish","4":"has-post-thumbnail","6":"product_cat-dia-del-amor","8":"first","9":"instock","10":"shipping-taxable","11":"purchasable","12":"product-type-simple"},"_links":{"self":[{"href":"https:\/\/pandita.mx\/index.php\/wp-json\/wp\/v2\/product\/412","targetHints":{"allow":["GET"]}}],"collection":[{"href":"https:\/\/pandita.mx\/index.php\/wp-json\/wp\/v2\/product"}],"about":[{"href":"https:\/\/pandita.mx\/index.php\/wp-json\/wp\/v2\/types\/product"}],"replies":[{"embeddable":true,"href":"https:\/\/pandita.mx\/index.php\/wp-json\/wp\/v2\/comments?post=412"}],"wp:featuredmedia":[{"embeddable":true,"href":"https:\/\/pandita.mx\/index.php\/wp-json\/wp\/v2\/media\/390"}],"wp:attachment":[{"href":"https:\/\/pandita.mx\/index.php\/wp-json\/wp\/v2\/media?parent=412"}],"wp:term":[{"taxonomy":"product_cat","embeddable":true,"href":"https:\/\/pandita.mx\/index.php\/wp-json\/wp\/v2\/product_cat?post=412"},{"taxonomy":"product_tag","embeddable":true,"href":"https:\/\/pandita.mx\/index.php\/wp-json\/wp\/v2\/product_tag?post=412"}],"curies":[{"name":"wp","href":"https:\/\/api.w.org\/{rel}","templated":true}]}}