{"id":38313,"date":"2025-06-03T18:39:23","date_gmt":"2025-06-03T16:39:23","guid":{"rendered":"https:\/\/pandita.mx\/?post_type=product&#038;p=38313"},"modified":"2025-06-03T18:44:50","modified_gmt":"2025-06-03T16:44:50","slug":"papa-frases-bob-sponja","status":"publish","type":"product","link":"https:\/\/pandita.mx\/index.php\/producto\/papa-frases-bob-sponja\/","title":{"rendered":"Pap\u00e1 Frases Bob Sponja"},"content":{"rendered":"<p data-start=\"218\" data-end=\"298\">\ud83d\udc55\ud83d\udc99 <strong data-start=\"223\" data-end=\"286\">Colecci\u00f3n \u201cPara eres tan Valiente\u201d \u2013 Palabras que visten el coraz\u00f3n<\/strong> \ud83d\udc68\u200d\ud83d\udc67\u200d\ud83d\udc66\u2728<\/p>\n<p data-start=\"300\" data-end=\"553\">Este D\u00eda del Padre, dile a pap\u00e1 todo lo que significa para ti con nuestras playeras llenas de emoci\u00f3n y estilo. Dise\u00f1os \u00fanicos que comienzan con la frase <strong data-start=\"454\" data-end=\"474\">\u201cPara eres tan\u2026\u201d<\/strong>, seguidas de mensajes que har\u00e1n sonre\u00edr, re\u00edr\u2026 y hasta soltar una lagrimita.<\/p>\n<p data-start=\"555\" data-end=\"785\">\ud83d\udde3\ufe0f Ejemplos:<br data-start=\"568\" data-end=\"571\" \/>\ud83d\udcac <em data-start=\"574\" data-end=\"606\">Para eres tan fuerte como Hulk<\/em><br data-start=\"606\" data-end=\"609\" \/>\ud83d\udcac <em data-start=\"612\" data-end=\"643\">Para eres tan sabio como Yoda<\/em><br data-start=\"643\" data-end=\"646\" \/>\ud83d\udcac <em data-start=\"649\" data-end=\"694\">Para eres tan divertido como Homero Simpson<\/em><br data-start=\"694\" data-end=\"697\" \/>\ud83d\udcac <em data-start=\"700\" data-end=\"744\">Para eres tan incondicional como tu abrazo<\/em><br data-start=\"744\" data-end=\"747\" \/>\ud83d\udcac <em data-start=\"750\" data-end=\"785\">Para eres tan grande como tu amor<\/em><\/p>\n<p data-start=\"787\" data-end=\"935\">Cada playera es una forma de agradecerle todo lo que ha hecho por ti, con un toque creativo, emotivo y con dise\u00f1os que lo har\u00e1n sentirse especial.<\/p>\n<p data-start=\"937\" data-end=\"1073\">\ud83d\udcaf <strong data-start=\"940\" data-end=\"960\">Caracter\u00edsticas:<\/strong><br data-start=\"960\" data-end=\"963\" \/>\u2705 Frases conmovedoras y originales<br data-start=\"997\" data-end=\"1000\" \/>\u2705 Dise\u00f1os personalizados y con estilo<br data-start=\"1037\" data-end=\"1040\" \/>\u2705 Tela suave, fresca y duradera<\/p>\n<p data-start=\"1075\" data-end=\"1155\">\ud83d\udce6 <strong data-start=\"1078\" data-end=\"1102\">Env\u00edos a todo M\u00e9xico<\/strong><br data-start=\"1102\" data-end=\"1105\" \/>\ud83d\udccd <strong data-start=\"1108\" data-end=\"1155\">Entregas en varios puntos de Aguascalientes<\/strong><\/p>\n<p data-start=\"1157\" data-end=\"1276\">\ud83d\uded2 <strong data-start=\"1160\" data-end=\"1274\">Disponible ya en <a class=\"\" href=\"https:\/\/pandita.mx\" target=\"_new\" rel=\"noopener\" data-start=\"1179\" data-end=\"1211\">pandita.mx<\/a> \u2013 \u00a1Haz que pap\u00e1 se sienta tan especial como lo es de verdad!<\/strong><\/p>\n<p data-start=\"1278\" data-end=\"1419\">\ud83d\udd0d <strong data-start=\"1281\" data-end=\"1419\">#ParaEresTan #D\u00edaDelPadre #FrasesParaPap\u00e1 #PlayerasParaPap\u00e1 #RegaloEmotivo #Pap\u00e1Especial #PanditaMX #Aguascalientes #Env\u00edosATodoM\u00e9xico<\/strong><\/p>\n","protected":false},"excerpt":{"rendered":"<p>\ud83d\udc55\ud83d\udc99 Colecci\u00f3n \u201cPara eres tan Valiente\u201d \u2013 Palabras que visten el coraz\u00f3n \ud83d\udc68\u200d\ud83d\udc67\u200d\ud83d\udc66\u2728 Este D\u00eda del Padre, dile a pap\u00e1 todo lo que significa para ti con nuestras playeras llenas de emoci\u00f3n y estilo. Dise\u00f1os \u00fanicos que comienzan con la frase \u201cPara eres tan\u2026\u201d, seguidas de mensajes que har\u00e1n sonre\u00edr, re\u00edr\u2026 y hasta soltar una [&hellip;]<\/p>\n","protected":false},"featured_media":38301,"comment_status":"open","ping_status":"closed","template":"","meta":{"_et_pb_use_builder":"","_et_pb_old_content":"","_et_gb_content_width":""},"product_cat":[238],"product_tag":[],"class_list":{"0":"post-38313","1":"product","2":"type-product","3":"status-publish","4":"has-post-thumbnail","6":"product_cat-dia-del-padre-frases","8":"first","9":"instock","10":"shipping-taxable","11":"purchasable","12":"product-type-variable"},"_links":{"self":[{"href":"https:\/\/pandita.mx\/index.php\/wp-json\/wp\/v2\/product\/38313","targetHints":{"allow":["GET"]}}],"collection":[{"href":"https:\/\/pandita.mx\/index.php\/wp-json\/wp\/v2\/product"}],"about":[{"href":"https:\/\/pandita.mx\/index.php\/wp-json\/wp\/v2\/types\/product"}],"replies":[{"embeddable":true,"href":"https:\/\/pandita.mx\/index.php\/wp-json\/wp\/v2\/comments?post=38313"}],"wp:featuredmedia":[{"embeddable":true,"href":"https:\/\/pandita.mx\/index.php\/wp-json\/wp\/v2\/media\/38301"}],"wp:attachment":[{"href":"https:\/\/pandita.mx\/index.php\/wp-json\/wp\/v2\/media?parent=38313"}],"wp:term":[{"taxonomy":"product_cat","embeddable":true,"href":"https:\/\/pandita.mx\/index.php\/wp-json\/wp\/v2\/product_cat?post=38313"},{"taxonomy":"product_tag","embeddable":true,"href":"https:\/\/pandita.mx\/index.php\/wp-json\/wp\/v2\/product_tag?post=38313"}],"curies":[{"name":"wp","href":"https:\/\/api.w.org\/{rel}","templated":true}]}}