{"id":36993,"date":"2025-05-27T02:12:11","date_gmt":"2025-05-27T00:12:11","guid":{"rendered":"https:\/\/pandita.mx\/?post_type=product&#038;p=36993"},"modified":"2025-05-27T02:22:47","modified_gmt":"2025-05-27T00:22:47","slug":"foto-boton","status":"publish","type":"product","link":"https:\/\/pandita.mx\/index.php\/producto\/foto-boton\/","title":{"rendered":"Foto Boton"},"content":{"rendered":"<p data-start=\"80\" data-end=\"207\">\ud83c\udf93 <strong data-start=\"83\" data-end=\"135\">Fotobon Personalizado de Graduaci\u00f3n \u2013 pandita.mx<\/strong> \ud83c\udf93<br data-start=\"138\" data-end=\"141\" \/>\u00a1Haz que tu graduaci\u00f3n sea a\u00fan m\u00e1s especial con un recuerdo \u00fanico!<\/p>\n<p data-start=\"209\" data-end=\"361\">En <strong data-start=\"212\" data-end=\"226\">pandita.mx<\/strong> creamos <strong data-start=\"235\" data-end=\"263\">fotobones personalizados<\/strong> ideales para tus fotos de graduaci\u00f3n. Dise\u00f1ados con <strong data-start=\"316\" data-end=\"350\">colores acordes a tu ceremonia<\/strong>, incluyen:<\/p>\n<p data-start=\"363\" data-end=\"497\">\u2728 <strong data-start=\"365\" data-end=\"386\">Nombre del alumno<\/strong> personalizado<br data-start=\"400\" data-end=\"403\" \/>\ud83c\udfeb <strong data-start=\"406\" data-end=\"437\">Escudo o logo de la escuela<\/strong><br data-start=\"437\" data-end=\"440\" \/>\ud83c\udfa8 Dise\u00f1o profesional y elegante adaptado a tu generaci\u00f3n<\/p>\n<p data-start=\"499\" data-end=\"585\">Perfecto para la zona de fotos, mesas de recuerdos o selfies con tus seres queridos.<\/p>\n<p data-start=\"587\" data-end=\"690\">\ud83d\udccf Tama\u00f1o ideal para lucir en cualquier evento<br data-start=\"633\" data-end=\"636\" \/>\ud83d\udd8c\ufe0f Impresi\u00f3n de alta calidad y materiales resistentes<\/p>\n<p data-start=\"692\" data-end=\"818\">\ud83d\udca5 <strong data-start=\"695\" data-end=\"728\">Disponible solo en pandita.mx<\/strong><br data-start=\"728\" data-end=\"731\" \/>Haz de tu graduaci\u00f3n un momento inolvidable con un fotobon hecho especialmente para ti.<\/p>\n","protected":false},"excerpt":{"rendered":"<p>\ud83c\udf93 Fotobon Personalizado de Graduaci\u00f3n \u2013 pandita.mx \ud83c\udf93\u00a1Haz que tu graduaci\u00f3n sea a\u00fan m\u00e1s especial con un recuerdo \u00fanico! En pandita.mx creamos fotobones personalizados ideales para tus fotos de graduaci\u00f3n. Dise\u00f1ados con colores acordes a tu ceremonia, incluyen: \u2728 Nombre del alumno personalizado\ud83c\udfeb Escudo o logo de la escuela\ud83c\udfa8 Dise\u00f1o profesional y elegante adaptado a [&hellip;]<\/p>\n","protected":false},"featured_media":36994,"comment_status":"open","ping_status":"closed","template":"","meta":{"_et_pb_use_builder":"","_et_pb_old_content":"","_et_gb_content_width":""},"product_cat":[230],"product_tag":[],"class_list":{"0":"post-36993","1":"product","2":"type-product","3":"status-publish","4":"has-post-thumbnail","6":"product_cat-08_graduacion","8":"first","9":"instock","10":"shipping-taxable","11":"purchasable","12":"product-type-simple"},"_links":{"self":[{"href":"https:\/\/pandita.mx\/index.php\/wp-json\/wp\/v2\/product\/36993","targetHints":{"allow":["GET"]}}],"collection":[{"href":"https:\/\/pandita.mx\/index.php\/wp-json\/wp\/v2\/product"}],"about":[{"href":"https:\/\/pandita.mx\/index.php\/wp-json\/wp\/v2\/types\/product"}],"replies":[{"embeddable":true,"href":"https:\/\/pandita.mx\/index.php\/wp-json\/wp\/v2\/comments?post=36993"}],"wp:featuredmedia":[{"embeddable":true,"href":"https:\/\/pandita.mx\/index.php\/wp-json\/wp\/v2\/media\/36994"}],"wp:attachment":[{"href":"https:\/\/pandita.mx\/index.php\/wp-json\/wp\/v2\/media?parent=36993"}],"wp:term":[{"taxonomy":"product_cat","embeddable":true,"href":"https:\/\/pandita.mx\/index.php\/wp-json\/wp\/v2\/product_cat?post=36993"},{"taxonomy":"product_tag","embeddable":true,"href":"https:\/\/pandita.mx\/index.php\/wp-json\/wp\/v2\/product_tag?post=36993"}],"curies":[{"name":"wp","href":"https:\/\/api.w.org\/{rel}","templated":true}]}}