{"id":35645,"date":"2025-05-10T02:02:36","date_gmt":"2025-05-10T00:02:36","guid":{"rendered":"https:\/\/pandita.mx\/?post_type=product&#038;p=35645"},"modified":"2025-05-10T02:24:43","modified_gmt":"2025-05-10T00:24:43","slug":"warriors","status":"publish","type":"product","link":"https:\/\/pandita.mx\/index.php\/producto\/warriors\/","title":{"rendered":"Warriors"},"content":{"rendered":"<p class=\"\" data-start=\"206\" data-end=\"282\">\ud83e\udd20 <strong data-start=\"209\" data-end=\"273\">Colecci\u00f3n para Pistear \u2013 Pa\u2019 la peda, la carne asada y el bailazo<\/strong> \ud83c\udfa4\ud83c\udf7b\ud83d\udd25<\/p>\n<p class=\"\" data-start=\"284\" data-end=\"586\">Dale estilo a tu outfit con nuestras <strong data-start=\"321\" data-end=\"363\">playeras de cantantes y temas norte\u00f1os<\/strong>, ideales para andar al 100 con los compas o en la reuni\u00f3n familiar. Desde dise\u00f1os inspirados en los \u00edconos del regional mexicano, hasta frases y estilos que combinan con el sonido del acorde\u00f3n y un buen trago en la mano.<\/p>\n<p class=\"\" data-start=\"588\" data-end=\"777\">\ud83c\udfb6 <strong data-start=\"591\" data-end=\"610\">Perfectas para:<\/strong><br data-start=\"610\" data-end=\"613\" \/>\u2705 Ir al bailazo o a la peda con estilo \ud83c\udf7b<br data-start=\"654\" data-end=\"657\" \/>\u2705 Asistir a carne asadas, rodeos o reuniones familiares \ud83e\udd69<br data-start=\"715\" data-end=\"718\" \/>\u2705 Regalar a ese compa que siempre trae la buena m\u00fasica \ud83c\udf81<\/p>\n<p class=\"\" data-start=\"779\" data-end=\"927\">\ud83d\udcaf <strong data-start=\"782\" data-end=\"802\">Caracter\u00edsticas:<\/strong><br data-start=\"802\" data-end=\"805\" \/>\u2705 Estampados \u00fanicos, frescos y con actitud norte\u00f1a<br data-start=\"855\" data-end=\"858\" \/>\u2705 Material c\u00f3modo y de alta calidad<br data-start=\"893\" data-end=\"896\" \/>\u2705 Modelos para hombre y mujer<\/p>\n<p class=\"\" data-start=\"929\" data-end=\"1010\">\ud83d\udccd <strong data-start=\"932\" data-end=\"1008\">Contamos con puntos de entrega en Aguascalientes y env\u00edos a todo M\u00e9xico.<\/strong><\/p>\n<p class=\"\" data-start=\"1012\" data-end=\"1088\">\ud83d\uded2 <strong data-start=\"1015\" data-end=\"1086\">Compra ya en <a class=\"\" href=\"https:\/\/pandita.mx\" target=\"_new\" rel=\"noopener\" data-start=\"1030\" data-end=\"1062\">pandita.mx<\/a> y ponte modo norte\u00f1o.<\/strong><\/p>\n<p class=\"\" data-start=\"1090\" data-end=\"1279\">\ud83d\udd0d <strong data-start=\"1093\" data-end=\"1279\">#ModoNorte\u00f1o #PlayerasNorte\u00f1as #FiestaConEstilo #RegionalMexicano #PaLaPeda #PlayerasParaPistear #RopaConActitud #Dise\u00f1oMexicano #PisteoEntreCompas #Aguascalientes #Env\u00edosATodoM\u00e9xico<\/strong><\/p>\n","protected":false},"excerpt":{"rendered":"<p>\ud83e\udd20 Colecci\u00f3n para Pistear \u2013 Pa\u2019 la peda, la carne asada y el bailazo \ud83c\udfa4\ud83c\udf7b\ud83d\udd25 Dale estilo a tu outfit con nuestras playeras de cantantes y temas norte\u00f1os, ideales para andar al 100 con los compas o en la reuni\u00f3n familiar. Desde dise\u00f1os inspirados en los \u00edconos del regional mexicano, hasta frases y estilos que [&hellip;]<\/p>\n","protected":false},"featured_media":35679,"comment_status":"open","ping_status":"closed","template":"","meta":{"_et_pb_use_builder":"","_et_pb_old_content":"","_et_gb_content_width":""},"product_cat":[221],"product_tag":[],"class_list":{"0":"post-35645","1":"product","2":"type-product","3":"status-publish","4":"has-post-thumbnail","6":"product_cat-mexico-pistear","8":"first","9":"instock","10":"shipping-taxable","11":"purchasable","12":"product-type-variable"},"_links":{"self":[{"href":"https:\/\/pandita.mx\/index.php\/wp-json\/wp\/v2\/product\/35645","targetHints":{"allow":["GET"]}}],"collection":[{"href":"https:\/\/pandita.mx\/index.php\/wp-json\/wp\/v2\/product"}],"about":[{"href":"https:\/\/pandita.mx\/index.php\/wp-json\/wp\/v2\/types\/product"}],"replies":[{"embeddable":true,"href":"https:\/\/pandita.mx\/index.php\/wp-json\/wp\/v2\/comments?post=35645"}],"wp:featuredmedia":[{"embeddable":true,"href":"https:\/\/pandita.mx\/index.php\/wp-json\/wp\/v2\/media\/35679"}],"wp:attachment":[{"href":"https:\/\/pandita.mx\/index.php\/wp-json\/wp\/v2\/media?parent=35645"}],"wp:term":[{"taxonomy":"product_cat","embeddable":true,"href":"https:\/\/pandita.mx\/index.php\/wp-json\/wp\/v2\/product_cat?post=35645"},{"taxonomy":"product_tag","embeddable":true,"href":"https:\/\/pandita.mx\/index.php\/wp-json\/wp\/v2\/product_tag?post=35645"}],"curies":[{"name":"wp","href":"https:\/\/api.w.org\/{rel}","templated":true}]}}