{"id":325,"date":"2024-01-08T21:57:08","date_gmt":"2024-01-08T20:57:08","guid":{"rendered":"https:\/\/pandita.mx\/?post_type=product&#038;p=325"},"modified":"2024-08-17T07:06:04","modified_gmt":"2024-08-17T05:06:04","slug":"kansas-city-chiefs","status":"publish","type":"product","link":"https:\/\/pandita.mx\/index.php\/producto\/kansas-city-chiefs\/","title":{"rendered":"Kansas City Chiefs"},"content":{"rendered":"<p>Playera de los Kansa City Chiefs con escudo NFL, en el coraz\u00f3n de la naci\u00f3n, jugamos con valent\u00eda y pasi\u00f3n. Rojo y blanco, colores de la intensidad y la victoria. \u00a1Somos la fuerza que eleva, somos Chiefs, listos para brillar en la tierra de la grandeza<\/p>\n","protected":false},"excerpt":{"rendered":"<p>Playera de los Kansa City Chiefs con escudo NFL, en el coraz\u00f3n de la naci\u00f3n, jugamos con valent\u00eda y pasi\u00f3n. Rojo y blanco, colores de la intensidad y la victoria. \u00a1Somos la fuerza que eleva, somos Chiefs, listos para brillar en la tierra de la grandeza<\/p>\n","protected":false},"featured_media":273,"comment_status":"open","ping_status":"closed","template":"","meta":{"_et_pb_use_builder":"","_et_pb_old_content":"","_et_gb_content_width":""},"product_cat":[24],"product_tag":[],"class_list":{"0":"post-325","1":"product","2":"type-product","3":"status-publish","4":"has-post-thumbnail","6":"product_cat-nfl","8":"first","9":"instock","10":"shipping-taxable","11":"purchasable","12":"product-type-simple"},"_links":{"self":[{"href":"https:\/\/pandita.mx\/index.php\/wp-json\/wp\/v2\/product\/325","targetHints":{"allow":["GET"]}}],"collection":[{"href":"https:\/\/pandita.mx\/index.php\/wp-json\/wp\/v2\/product"}],"about":[{"href":"https:\/\/pandita.mx\/index.php\/wp-json\/wp\/v2\/types\/product"}],"replies":[{"embeddable":true,"href":"https:\/\/pandita.mx\/index.php\/wp-json\/wp\/v2\/comments?post=325"}],"wp:featuredmedia":[{"embeddable":true,"href":"https:\/\/pandita.mx\/index.php\/wp-json\/wp\/v2\/media\/273"}],"wp:attachment":[{"href":"https:\/\/pandita.mx\/index.php\/wp-json\/wp\/v2\/media?parent=325"}],"wp:term":[{"taxonomy":"product_cat","embeddable":true,"href":"https:\/\/pandita.mx\/index.php\/wp-json\/wp\/v2\/product_cat?post=325"},{"taxonomy":"product_tag","embeddable":true,"href":"https:\/\/pandita.mx\/index.php\/wp-json\/wp\/v2\/product_tag?post=325"}],"curies":[{"name":"wp","href":"https:\/\/api.w.org\/{rel}","templated":true}]}}