{"id":31929,"date":"2025-01-26T18:33:42","date_gmt":"2025-01-26T17:33:42","guid":{"rendered":"https:\/\/pandita.mx\/?post_type=product&#038;p=31929"},"modified":"2025-02-08T04:15:25","modified_gmt":"2025-02-08T03:15:25","slug":"wrestlemania-vi-white","status":"publish","type":"product","link":"https:\/\/pandita.mx\/index.php\/producto\/wrestlemania-vi-white\/","title":{"rendered":"Wrestlemania VI White"},"content":{"rendered":"<p>\ud83e\udd3c\u200d\u2642\ufe0f\ud83c\udf1f En pandita.mx, revive la magia de WrestleMania VI con nuestras exclusivas playeras que celebran este evento hist\u00f3rico. Con dise\u00f1os que destacan el \u00e9pico enfrentamiento entre Hulk Hogan y The Ultimate Warrior, as\u00ed como otros momentos ic\u00f3nicos de esa noche inolvidable, estas playeras son perfectas para los verdaderos fans de la WWE. \u00a1Lleva contigo la emoci\u00f3n de WrestleMania VI con estilo solo en pandita.mx! \ud83c\udfad\ud83d\udc4a<\/p>\n","protected":false},"excerpt":{"rendered":"<p>\ud83e\udd3c\u200d\u2642\ufe0f\ud83c\udf1f En pandita.mx, revive la magia de WrestleMania VI con nuestras exclusivas playeras que celebran este evento hist\u00f3rico. Con dise\u00f1os que destacan el \u00e9pico enfrentamiento entre Hulk Hogan y The Ultimate Warrior, as\u00ed como otros momentos ic\u00f3nicos de esa noche inolvidable, estas playeras son perfectas para los verdaderos fans de la WWE. \u00a1Lleva contigo la [&hellip;]<\/p>\n","protected":false},"featured_media":31506,"comment_status":"open","ping_status":"closed","template":"","meta":{"_et_pb_use_builder":"","_et_pb_old_content":"","_et_gb_content_width":""},"product_cat":[200,194],"product_tag":[],"class_list":{"0":"post-31929","1":"product","2":"type-product","3":"status-publish","4":"has-post-thumbnail","6":"product_cat-00_destacadodeportes","7":"product_cat-wwe-vintage","9":"first","10":"instock","11":"shipping-taxable","12":"purchasable","13":"product-type-variable"},"_links":{"self":[{"href":"https:\/\/pandita.mx\/index.php\/wp-json\/wp\/v2\/product\/31929","targetHints":{"allow":["GET"]}}],"collection":[{"href":"https:\/\/pandita.mx\/index.php\/wp-json\/wp\/v2\/product"}],"about":[{"href":"https:\/\/pandita.mx\/index.php\/wp-json\/wp\/v2\/types\/product"}],"replies":[{"embeddable":true,"href":"https:\/\/pandita.mx\/index.php\/wp-json\/wp\/v2\/comments?post=31929"}],"wp:featuredmedia":[{"embeddable":true,"href":"https:\/\/pandita.mx\/index.php\/wp-json\/wp\/v2\/media\/31506"}],"wp:attachment":[{"href":"https:\/\/pandita.mx\/index.php\/wp-json\/wp\/v2\/media?parent=31929"}],"wp:term":[{"taxonomy":"product_cat","embeddable":true,"href":"https:\/\/pandita.mx\/index.php\/wp-json\/wp\/v2\/product_cat?post=31929"},{"taxonomy":"product_tag","embeddable":true,"href":"https:\/\/pandita.mx\/index.php\/wp-json\/wp\/v2\/product_tag?post=31929"}],"curies":[{"name":"wp","href":"https:\/\/api.w.org\/{rel}","templated":true}]}}