{"id":31568,"date":"2025-01-26T17:59:23","date_gmt":"2025-01-26T16:59:23","guid":{"rendered":"https:\/\/pandita.mx\/?post_type=product&#038;p=31568"},"modified":"2025-01-26T18:01:27","modified_gmt":"2025-01-26T17:01:27","slug":"mil-muertes","status":"publish","type":"product","link":"https:\/\/pandita.mx\/index.php\/producto\/mil-muertes\/","title":{"rendered":"Mil Muertes"},"content":{"rendered":"<p>\ud83e\udd3c\u200d\u2642\ufe0f\ud83d\udc80 En pandita.mx, celebra la leyenda de \u00abMil Muertes\u00bb, uno de los luchadores m\u00e1s enigm\u00e1ticos de la lucha libre, con nuestras exclusivas playeras. Con dise\u00f1os que capturan su feroz estilo y su presencia inconfundible en el ring, estas playeras son perfectas para los fans de la lucha extrema. \u00a1Lleva el esp\u00edritu de \u00abMil Muertes\u00bb y muestra tu estilo \u00fanico solo en pandita.mx! \ud83d\udd25\u26a1<\/p>\n","protected":false},"excerpt":{"rendered":"<p>\ud83e\udd3c\u200d\u2642\ufe0f\ud83d\udc80 En pandita.mx, celebra la leyenda de \u00abMil Muertes\u00bb, uno de los luchadores m\u00e1s enigm\u00e1ticos de la lucha libre, con nuestras exclusivas playeras. Con dise\u00f1os que capturan su feroz estilo y su presencia inconfundible en el ring, estas playeras son perfectas para los fans de la lucha extrema. \u00a1Lleva el esp\u00edritu de \u00abMil Muertes\u00bb y [&hellip;]<\/p>\n","protected":false},"featured_media":31465,"comment_status":"open","ping_status":"closed","template":"","meta":{"_et_pb_use_builder":"","_et_pb_old_content":"","_et_gb_content_width":""},"product_cat":[187],"product_tag":[],"class_list":{"0":"post-31568","1":"product","2":"type-product","3":"status-publish","4":"has-post-thumbnail","6":"product_cat-wwe","8":"first","9":"instock","10":"shipping-taxable","11":"purchasable","12":"product-type-variable"},"_links":{"self":[{"href":"https:\/\/pandita.mx\/index.php\/wp-json\/wp\/v2\/product\/31568","targetHints":{"allow":["GET"]}}],"collection":[{"href":"https:\/\/pandita.mx\/index.php\/wp-json\/wp\/v2\/product"}],"about":[{"href":"https:\/\/pandita.mx\/index.php\/wp-json\/wp\/v2\/types\/product"}],"replies":[{"embeddable":true,"href":"https:\/\/pandita.mx\/index.php\/wp-json\/wp\/v2\/comments?post=31568"}],"wp:featuredmedia":[{"embeddable":true,"href":"https:\/\/pandita.mx\/index.php\/wp-json\/wp\/v2\/media\/31465"}],"wp:attachment":[{"href":"https:\/\/pandita.mx\/index.php\/wp-json\/wp\/v2\/media?parent=31568"}],"wp:term":[{"taxonomy":"product_cat","embeddable":true,"href":"https:\/\/pandita.mx\/index.php\/wp-json\/wp\/v2\/product_cat?post=31568"},{"taxonomy":"product_tag","embeddable":true,"href":"https:\/\/pandita.mx\/index.php\/wp-json\/wp\/v2\/product_tag?post=31568"}],"curies":[{"name":"wp","href":"https:\/\/api.w.org\/{rel}","templated":true}]}}