{"id":31176,"date":"2025-01-26T16:37:26","date_gmt":"2025-01-26T15:37:26","guid":{"rendered":"https:\/\/pandita.mx\/?post_type=product&#038;p=31176"},"modified":"2025-01-27T03:38:32","modified_gmt":"2025-01-27T02:38:32","slug":"bruce-lee-just-kune-do","status":"publish","type":"product","link":"https:\/\/pandita.mx\/index.php\/producto\/bruce-lee-just-kune-do\/","title":{"rendered":"Bruce Lee Just Kune Do"},"content":{"rendered":"<p>\ud83e\udd4b\ud83d\udc09 En pandita.mx, rinde homenaje a la leyenda del kung-fu Bruce Lee con nuestras exclusivas playeras que capturan su filosof\u00eda y su fuerza ic\u00f3nica. Con dise\u00f1os que incluyen su ic\u00f3nica pose de combate y frases memorables como \u00abBe water, my friend,\u00bb estas playeras son perfectas para los fans del maestro de las artes marciales. \u00a1Lleva contigo el esp\u00edritu de Bruce Lee y luce un estilo legendario solo en pandita.mx! \ud83c\udf1f\ud83d\udc4a<\/p>\n","protected":false},"excerpt":{"rendered":"<p>\ud83e\udd4b\ud83d\udc09 En pandita.mx, rinde homenaje a la leyenda del kung-fu Bruce Lee con nuestras exclusivas playeras que capturan su filosof\u00eda y su fuerza ic\u00f3nica. Con dise\u00f1os que incluyen su ic\u00f3nica pose de combate y frases memorables como \u00abBe water, my friend,\u00bb estas playeras son perfectas para los fans del maestro de las artes marciales. \u00a1Lleva [&hellip;]<\/p>\n","protected":false},"featured_media":31121,"comment_status":"open","ping_status":"closed","template":"","meta":{"_et_pb_use_builder":"","_et_pb_old_content":"","_et_gb_content_width":""},"product_cat":[189],"product_tag":[],"class_list":{"0":"post-31176","1":"product","2":"type-product","3":"status-publish","4":"has-post-thumbnail","6":"product_cat-box","8":"first","9":"instock","10":"shipping-taxable","11":"purchasable","12":"product-type-variable"},"_links":{"self":[{"href":"https:\/\/pandita.mx\/index.php\/wp-json\/wp\/v2\/product\/31176","targetHints":{"allow":["GET"]}}],"collection":[{"href":"https:\/\/pandita.mx\/index.php\/wp-json\/wp\/v2\/product"}],"about":[{"href":"https:\/\/pandita.mx\/index.php\/wp-json\/wp\/v2\/types\/product"}],"replies":[{"embeddable":true,"href":"https:\/\/pandita.mx\/index.php\/wp-json\/wp\/v2\/comments?post=31176"}],"wp:featuredmedia":[{"embeddable":true,"href":"https:\/\/pandita.mx\/index.php\/wp-json\/wp\/v2\/media\/31121"}],"wp:attachment":[{"href":"https:\/\/pandita.mx\/index.php\/wp-json\/wp\/v2\/media?parent=31176"}],"wp:term":[{"taxonomy":"product_cat","embeddable":true,"href":"https:\/\/pandita.mx\/index.php\/wp-json\/wp\/v2\/product_cat?post=31176"},{"taxonomy":"product_tag","embeddable":true,"href":"https:\/\/pandita.mx\/index.php\/wp-json\/wp\/v2\/product_tag?post=31176"}],"curies":[{"name":"wp","href":"https:\/\/api.w.org\/{rel}","templated":true}]}}