{"id":28143,"date":"2025-01-12T05:57:00","date_gmt":"2025-01-12T04:57:00","guid":{"rendered":"https:\/\/pandita.mx\/?post_type=product&#038;p=28143"},"modified":"2025-01-12T05:58:41","modified_gmt":"2025-01-12T04:58:41","slug":"duo-stutch-y-angel-front","status":"publish","type":"product","link":"https:\/\/pandita.mx\/index.php\/producto\/duo-stutch-y-angel-front\/","title":{"rendered":"Duo Stutch y Angel Front"},"content":{"rendered":"<p>\ud83d\udc96\ud83c\udf38 Celebra el amor y la amistad con las playeras m\u00e1s originales en <strong><a href=\"http:\/\/www.pandita.mx\" target=\"_new\" rel=\"noopener\">www.pandita.mx<\/a><\/strong> \ud83c\udf38\ud83d\udc96. Encuentra dise\u00f1os incre\u00edbles de tus personajes favoritos: <strong>Los Simpsons<\/strong>, <strong>Mickey y Minnie Mouse<\/strong>, <strong>Stitch &amp; Angel<\/strong>, <strong>Looney Tunes<\/strong> y m\u00e1s \ud83e\udd70\u2728. Regala estilo y momentos especiales con estas creaciones llenas de amor \u2764\ufe0f\u200d\ud83d\udd25\ud83c\udf81\ud83d\udc55. \u00a1Perfectas para sorprender a quien m\u00e1s quieres! \ud83d\udc98 #D\u00edaDelAmorYLaAmistad #StitchYAngel #SimpsonsLove #PanditaMX<\/p>\n","protected":false},"excerpt":{"rendered":"<p>\ud83d\udc96\ud83c\udf38 Celebra el amor y la amistad con las playeras m\u00e1s originales en www.pandita.mx \ud83c\udf38\ud83d\udc96. Encuentra dise\u00f1os incre\u00edbles de tus personajes favoritos: Los Simpsons, Mickey y Minnie Mouse, Stitch &amp; Angel, Looney Tunes y m\u00e1s \ud83e\udd70\u2728. Regala estilo y momentos especiales con estas creaciones llenas de amor \u2764\ufe0f\u200d\ud83d\udd25\ud83c\udf81\ud83d\udc55. \u00a1Perfectas para sorprender a quien m\u00e1s quieres! [&hellip;]<\/p>\n","protected":false},"featured_media":28008,"comment_status":"closed","ping_status":"closed","template":"","meta":{"_et_pb_use_builder":"","_et_pb_old_content":"","_et_gb_content_width":""},"product_cat":[172],"product_tag":[169,167,163],"class_list":{"0":"post-28143","1":"product","2":"type-product","3":"status-publish","4":"has-post-thumbnail","6":"product_cat-02-duo","7":"product_tag-02-cartoon","8":"product_tag-02-duo-back","9":"product_tag-nfl-smoke","10":"pa_color-blanco","11":"pa_color-negro","13":"first","14":"instock","15":"shipping-taxable","16":"purchasable","17":"product-type-variable"},"_links":{"self":[{"href":"https:\/\/pandita.mx\/index.php\/wp-json\/wp\/v2\/product\/28143","targetHints":{"allow":["GET"]}}],"collection":[{"href":"https:\/\/pandita.mx\/index.php\/wp-json\/wp\/v2\/product"}],"about":[{"href":"https:\/\/pandita.mx\/index.php\/wp-json\/wp\/v2\/types\/product"}],"replies":[{"embeddable":true,"href":"https:\/\/pandita.mx\/index.php\/wp-json\/wp\/v2\/comments?post=28143"}],"wp:featuredmedia":[{"embeddable":true,"href":"https:\/\/pandita.mx\/index.php\/wp-json\/wp\/v2\/media\/28008"}],"wp:attachment":[{"href":"https:\/\/pandita.mx\/index.php\/wp-json\/wp\/v2\/media?parent=28143"}],"wp:term":[{"taxonomy":"product_cat","embeddable":true,"href":"https:\/\/pandita.mx\/index.php\/wp-json\/wp\/v2\/product_cat?post=28143"},{"taxonomy":"product_tag","embeddable":true,"href":"https:\/\/pandita.mx\/index.php\/wp-json\/wp\/v2\/product_tag?post=28143"}],"curies":[{"name":"wp","href":"https:\/\/api.w.org\/{rel}","templated":true}]}}