{"id":21690,"date":"2024-11-16T02:18:26","date_gmt":"2024-11-16T01:18:26","guid":{"rendered":"https:\/\/pandita.mx\/?post_type=product&#038;p=21690"},"modified":"2024-11-16T02:22:49","modified_gmt":"2024-11-16T01:22:49","slug":"kids-thanos","status":"publish","type":"product","link":"https:\/\/pandita.mx\/index.php\/producto\/kids-thanos\/","title":{"rendered":"Kids Thanos"},"content":{"rendered":"<p>En pandita.mx, encuentra nuestras incre\u00edbles playeras navide\u00f1as con superh\u00e9roes como Spider-Man, Batman, Superman, Iron Man, y Capit\u00e1n Am\u00e9rica en estilo chibi. Cada dise\u00f1o incluye elementos festivos como gorros de Santa, luces navide\u00f1as y m\u00e1s, para un look adorable y lleno de esp\u00edritu navide\u00f1o. Perfectas para regalar o lucir en esta temporada, estas playeras combinan la magia de los superh\u00e9roes con la alegr\u00eda de la Navidad. \u00a1Visita pandita.mx y lleva a tus h\u00e9roes favoritos contigo estas fiestas!<\/p>\n","protected":false},"excerpt":{"rendered":"<p>En pandita.mx, encuentra nuestras incre\u00edbles playeras navide\u00f1as con superh\u00e9roes como Spider-Man, Batman, Superman, Iron Man, y Capit\u00e1n Am\u00e9rica en estilo chibi. Cada dise\u00f1o incluye elementos festivos como gorros de Santa, luces navide\u00f1as y m\u00e1s, para un look adorable y lleno de esp\u00edritu navide\u00f1o. Perfectas para regalar o lucir en esta temporada, estas playeras combinan la [&hellip;]<\/p>\n","protected":false},"featured_media":21476,"comment_status":"open","ping_status":"closed","template":"","meta":{"_et_pb_use_builder":"","_et_pb_old_content":"","_et_gb_content_width":""},"product_cat":[152],"product_tag":[],"class_list":{"0":"post-21690","1":"product","2":"type-product","3":"status-publish","4":"has-post-thumbnail","6":"product_cat-12_09-kids-super-heroes","7":"pa_color-blanco","8":"pa_color-negro","10":"first","11":"instock","12":"shipping-taxable","13":"product-type-variable"},"_links":{"self":[{"href":"https:\/\/pandita.mx\/index.php\/wp-json\/wp\/v2\/product\/21690","targetHints":{"allow":["GET"]}}],"collection":[{"href":"https:\/\/pandita.mx\/index.php\/wp-json\/wp\/v2\/product"}],"about":[{"href":"https:\/\/pandita.mx\/index.php\/wp-json\/wp\/v2\/types\/product"}],"replies":[{"embeddable":true,"href":"https:\/\/pandita.mx\/index.php\/wp-json\/wp\/v2\/comments?post=21690"}],"wp:featuredmedia":[{"embeddable":true,"href":"https:\/\/pandita.mx\/index.php\/wp-json\/wp\/v2\/media\/21476"}],"wp:attachment":[{"href":"https:\/\/pandita.mx\/index.php\/wp-json\/wp\/v2\/media?parent=21690"}],"wp:term":[{"taxonomy":"product_cat","embeddable":true,"href":"https:\/\/pandita.mx\/index.php\/wp-json\/wp\/v2\/product_cat?post=21690"},{"taxonomy":"product_tag","embeddable":true,"href":"https:\/\/pandita.mx\/index.php\/wp-json\/wp\/v2\/product_tag?post=21690"}],"curies":[{"name":"wp","href":"https:\/\/api.w.org\/{rel}","templated":true}]}}