{"id":20210,"date":"2024-11-14T06:07:32","date_gmt":"2024-11-14T05:07:32","guid":{"rendered":"https:\/\/pandita.mx\/?post_type=product&#038;p=20210"},"modified":"2024-11-15T02:07:45","modified_gmt":"2024-11-15T01:07:45","slug":"disney-pluto-mickey","status":"publish","type":"product","link":"https:\/\/pandita.mx\/index.php\/producto\/disney-pluto-mickey\/","title":{"rendered":"Disney Pluto Mickey"},"content":{"rendered":"<p>En pandita.mx, descubre las playeras navide\u00f1as m\u00e1s m\u00e1gicas con tus personajes favoritos de Disney. Desde Mickey hasta otros ic\u00f3nicos personajes, nuestras playeras con elementos festivos son perfectas para regalar o para celebrar la Navidad con un estilo \u00fanico. \u00a1Visita pandita.mx y encuentra el regalo ideal para llevar la magia de Disney a tus celebraciones navide\u00f1as<\/p>\n","protected":false},"excerpt":{"rendered":"<p>En pandita.mx, descubre las playeras navide\u00f1as m\u00e1s m\u00e1gicas con tus personajes favoritos de Disney. Desde Mickey hasta otros ic\u00f3nicos personajes, nuestras playeras con elementos festivos son perfectas para regalar o para celebrar la Navidad con un estilo \u00fanico. \u00a1Visita pandita.mx y encuentra el regalo ideal para llevar la magia de Disney a tus celebraciones navide\u00f1as<\/p>\n","protected":false},"featured_media":20284,"comment_status":"open","ping_status":"closed","template":"","meta":{"_et_pb_use_builder":"","_et_pb_old_content":"","_et_gb_content_width":""},"product_cat":[147],"product_tag":[],"class_list":{"0":"post-20210","1":"product","2":"type-product","3":"status-publish","4":"has-post-thumbnail","6":"product_cat-12_04-disney","7":"pa_color-blanco","8":"pa_color-negro","10":"first","11":"instock","12":"shipping-taxable","13":"product-type-variable"},"_links":{"self":[{"href":"https:\/\/pandita.mx\/index.php\/wp-json\/wp\/v2\/product\/20210","targetHints":{"allow":["GET"]}}],"collection":[{"href":"https:\/\/pandita.mx\/index.php\/wp-json\/wp\/v2\/product"}],"about":[{"href":"https:\/\/pandita.mx\/index.php\/wp-json\/wp\/v2\/types\/product"}],"replies":[{"embeddable":true,"href":"https:\/\/pandita.mx\/index.php\/wp-json\/wp\/v2\/comments?post=20210"}],"wp:featuredmedia":[{"embeddable":true,"href":"https:\/\/pandita.mx\/index.php\/wp-json\/wp\/v2\/media\/20284"}],"wp:attachment":[{"href":"https:\/\/pandita.mx\/index.php\/wp-json\/wp\/v2\/media?parent=20210"}],"wp:term":[{"taxonomy":"product_cat","embeddable":true,"href":"https:\/\/pandita.mx\/index.php\/wp-json\/wp\/v2\/product_cat?post=20210"},{"taxonomy":"product_tag","embeddable":true,"href":"https:\/\/pandita.mx\/index.php\/wp-json\/wp\/v2\/product_tag?post=20210"}],"curies":[{"name":"wp","href":"https:\/\/api.w.org\/{rel}","templated":true}]}}