{"id":19608,"date":"2024-11-13T22:03:45","date_gmt":"2024-11-13T21:03:45","guid":{"rendered":"https:\/\/pandita.mx\/?post_type=product&#038;p=19608"},"modified":"2024-11-13T22:16:12","modified_gmt":"2024-11-13T21:16:12","slug":"xmas-homero","status":"publish","type":"product","link":"https:\/\/pandita.mx\/index.php\/producto\/xmas-homero\/","title":{"rendered":"Xmas Homero"},"content":{"rendered":"<p>En pandita.mx descubre las playeras navide\u00f1as m\u00e1s originales de Homero Simpson vestido de Santa Claus, perfectas para celebrar en grande esta Navidad. Luce un dise\u00f1o \u00fanico con elementos navide\u00f1os como gorros, regalos y luces, ideal para reuniones, intercambios o simplemente para llevar el esp\u00edritu festivo a todos lados. \u00a1Compra tu playera navide\u00f1a exclusiva de Homero en pandita.mx y destaca con un look divertido y lleno de color!<\/p>\n","protected":false},"excerpt":{"rendered":"<p>En pandita.mx descubre las playeras navide\u00f1as m\u00e1s originales de Homero Simpson vestido de Santa Claus, perfectas para celebrar en grande esta Navidad. Luce un dise\u00f1o \u00fanico con elementos navide\u00f1os como gorros, regalos y luces, ideal para reuniones, intercambios o simplemente para llevar el esp\u00edritu festivo a todos lados. \u00a1Compra tu playera navide\u00f1a exclusiva de Homero [&hellip;]<\/p>\n","protected":false},"featured_media":19635,"comment_status":"closed","ping_status":"closed","template":"","meta":{"_et_pb_use_builder":"","_et_pb_old_content":"","_et_gb_content_width":""},"product_cat":[145],"product_tag":[],"class_list":{"0":"post-19608","1":"product","2":"type-product","3":"status-publish","4":"has-post-thumbnail","6":"product_cat-12_02-xmas","7":"pa_color-blanco","8":"pa_color-negro","10":"first","11":"instock","12":"shipping-taxable","13":"purchasable","14":"product-type-variable"},"_links":{"self":[{"href":"https:\/\/pandita.mx\/index.php\/wp-json\/wp\/v2\/product\/19608","targetHints":{"allow":["GET"]}}],"collection":[{"href":"https:\/\/pandita.mx\/index.php\/wp-json\/wp\/v2\/product"}],"about":[{"href":"https:\/\/pandita.mx\/index.php\/wp-json\/wp\/v2\/types\/product"}],"replies":[{"embeddable":true,"href":"https:\/\/pandita.mx\/index.php\/wp-json\/wp\/v2\/comments?post=19608"}],"wp:featuredmedia":[{"embeddable":true,"href":"https:\/\/pandita.mx\/index.php\/wp-json\/wp\/v2\/media\/19635"}],"wp:attachment":[{"href":"https:\/\/pandita.mx\/index.php\/wp-json\/wp\/v2\/media?parent=19608"}],"wp:term":[{"taxonomy":"product_cat","embeddable":true,"href":"https:\/\/pandita.mx\/index.php\/wp-json\/wp\/v2\/product_cat?post=19608"},{"taxonomy":"product_tag","embeddable":true,"href":"https:\/\/pandita.mx\/index.php\/wp-json\/wp\/v2\/product_tag?post=19608"}],"curies":[{"name":"wp","href":"https:\/\/api.w.org\/{rel}","templated":true}]}}