{"id":15329,"date":"2024-10-14T05:27:00","date_gmt":"2024-10-14T03:27:00","guid":{"rendered":"https:\/\/pandita.mx\/?post_type=product&#038;p=15329"},"modified":"2025-10-19T23:38:05","modified_gmt":"2025-10-19T21:38:05","slug":"looney-tunes-coyote","status":"publish","type":"product","link":"https:\/\/pandita.mx\/index.php\/producto\/looney-tunes-coyote\/","title":{"rendered":"Looney Tunes Coyote"},"content":{"rendered":"<p>Celebra Halloween con un toque cl\u00e1sico usando nuestras divertidas playeras de Los Looney Tunes en Pandita.mx. Desde Bugs Bunny hasta el Pato Lucas, cada dise\u00f1o trae la diversi\u00f3n y el humor de estos ic\u00f3nicos personajes a tu vestuario. Perfectas para los fans de la animaci\u00f3n que desean disfrutar de la temporada con un estilo divertido y nost\u00e1lgico. \u00a1Haz que tu Halloween sea una fiesta llena de risas y locura!<\/p>\n","protected":false},"excerpt":{"rendered":"<p>Celebra Halloween con un toque cl\u00e1sico usando nuestras divertidas playeras de Los Looney Tunes en Pandita.mx. Desde Bugs Bunny hasta el Pato Lucas, cada dise\u00f1o trae la diversi\u00f3n y el humor de estos ic\u00f3nicos personajes a tu vestuario. Perfectas para los fans de la animaci\u00f3n que desean disfrutar de la temporada con un estilo divertido [&hellip;]<\/p>\n","protected":false},"featured_media":15138,"comment_status":"open","ping_status":"closed","template":"","meta":{"_et_pb_use_builder":"","_et_pb_old_content":"","_et_gb_content_width":""},"product_cat":[242,127],"product_tag":[],"class_list":{"0":"post-15329","1":"product","2":"type-product","3":"status-publish","4":"has-post-thumbnail","6":"product_cat-00_11-destacados-noviembre","7":"product_cat-11_14-looney-tunes","8":"pa_color-blanco","9":"pa_color-negro","11":"first","12":"instock","13":"shipping-taxable","14":"purchasable","15":"product-type-variable"},"_links":{"self":[{"href":"https:\/\/pandita.mx\/index.php\/wp-json\/wp\/v2\/product\/15329","targetHints":{"allow":["GET"]}}],"collection":[{"href":"https:\/\/pandita.mx\/index.php\/wp-json\/wp\/v2\/product"}],"about":[{"href":"https:\/\/pandita.mx\/index.php\/wp-json\/wp\/v2\/types\/product"}],"replies":[{"embeddable":true,"href":"https:\/\/pandita.mx\/index.php\/wp-json\/wp\/v2\/comments?post=15329"}],"wp:featuredmedia":[{"embeddable":true,"href":"https:\/\/pandita.mx\/index.php\/wp-json\/wp\/v2\/media\/15138"}],"wp:attachment":[{"href":"https:\/\/pandita.mx\/index.php\/wp-json\/wp\/v2\/media?parent=15329"}],"wp:term":[{"taxonomy":"product_cat","embeddable":true,"href":"https:\/\/pandita.mx\/index.php\/wp-json\/wp\/v2\/product_cat?post=15329"},{"taxonomy":"product_tag","embeddable":true,"href":"https:\/\/pandita.mx\/index.php\/wp-json\/wp\/v2\/product_tag?post=15329"}],"curies":[{"name":"wp","href":"https:\/\/api.w.org\/{rel}","templated":true}]}}