{"id":13918,"date":"2024-10-14T03:35:49","date_gmt":"2024-10-14T01:35:49","guid":{"rendered":"https:\/\/pandita.mx\/?post_type=product&#038;p=13918"},"modified":"2024-10-14T03:36:38","modified_gmt":"2024-10-14T01:36:38","slug":"caballeros-del-zodiaco-capricornio","status":"publish","type":"product","link":"https:\/\/pandita.mx\/index.php\/producto\/caballeros-del-zodiaco-capricornio\/","title":{"rendered":"Caballeros del Zodiaco Capricornio"},"content":{"rendered":"<p>Luce tu poder y orgullo con nuestras incre\u00edbles playeras de Los Caballeros del Zodiaco en Pandita.mx. Con dise\u00f1os inspirados en tus personajes favoritos, como Seiya y sus amigos, estas playeras son perfectas para los verdaderos fans del anime que desean destacar su amor por la mitolog\u00eda y la aventura. \u00a1Prep\u00e1rate para hacer temblar el universo en cada evento de Halloween y m\u00e1s all\u00e1<\/p>\n","protected":false},"excerpt":{"rendered":"<p>Luce tu poder y orgullo con nuestras incre\u00edbles playeras de Los Caballeros del Zodiaco en Pandita.mx. Con dise\u00f1os inspirados en tus personajes favoritos, como Seiya y sus amigos, estas playeras son perfectas para los verdaderos fans del anime que desean destacar su amor por la mitolog\u00eda y la aventura. \u00a1Prep\u00e1rate para hacer temblar el universo [&hellip;]<\/p>\n","protected":false},"featured_media":13829,"comment_status":"open","ping_status":"closed","template":"","meta":{"_et_pb_use_builder":"","_et_pb_old_content":"","_et_gb_content_width":""},"product_cat":[121],"product_tag":[],"class_list":{"0":"post-13918","1":"product","2":"type-product","3":"status-publish","4":"has-post-thumbnail","6":"product_cat-11_08-caballeros-zodiaco","7":"pa_color-blanco","8":"pa_color-negro","10":"first","11":"instock","12":"shipping-taxable","13":"purchasable","14":"product-type-variable"},"_links":{"self":[{"href":"https:\/\/pandita.mx\/index.php\/wp-json\/wp\/v2\/product\/13918","targetHints":{"allow":["GET"]}}],"collection":[{"href":"https:\/\/pandita.mx\/index.php\/wp-json\/wp\/v2\/product"}],"about":[{"href":"https:\/\/pandita.mx\/index.php\/wp-json\/wp\/v2\/types\/product"}],"replies":[{"embeddable":true,"href":"https:\/\/pandita.mx\/index.php\/wp-json\/wp\/v2\/comments?post=13918"}],"wp:featuredmedia":[{"embeddable":true,"href":"https:\/\/pandita.mx\/index.php\/wp-json\/wp\/v2\/media\/13829"}],"wp:attachment":[{"href":"https:\/\/pandita.mx\/index.php\/wp-json\/wp\/v2\/media?parent=13918"}],"wp:term":[{"taxonomy":"product_cat","embeddable":true,"href":"https:\/\/pandita.mx\/index.php\/wp-json\/wp\/v2\/product_cat?post=13918"},{"taxonomy":"product_tag","embeddable":true,"href":"https:\/\/pandita.mx\/index.php\/wp-json\/wp\/v2\/product_tag?post=13918"}],"curies":[{"name":"wp","href":"https:\/\/api.w.org\/{rel}","templated":true}]}}