{"id":13705,"date":"2024-10-14T03:12:17","date_gmt":"2024-10-14T01:12:17","guid":{"rendered":"https:\/\/pandita.mx\/?post_type=product&#038;p=13705"},"modified":"2024-10-14T03:13:54","modified_gmt":"2024-10-14T01:13:54","slug":"catrina-elegante","status":"publish","type":"product","link":"https:\/\/pandita.mx\/index.php\/producto\/catrina-elegante\/","title":{"rendered":"Catrina Elegante"},"content":{"rendered":"<p>Luce nuestras elegantes playeras de La Catrina en Pandita.mx para Halloween y el D\u00eda de Muertos. \u00a1Un dise\u00f1o que celebra la tradici\u00f3n mexicana con un toque de estilo y sofisticaci\u00f3n<\/p>\n","protected":false},"excerpt":{"rendered":"<p>Luce nuestras elegantes playeras de La Catrina en Pandita.mx para Halloween y el D\u00eda de Muertos. \u00a1Un dise\u00f1o que celebra la tradici\u00f3n mexicana con un toque de estilo y sofisticaci\u00f3n<\/p>\n","protected":false},"featured_media":13691,"comment_status":"open","ping_status":"closed","template":"","meta":{"_et_pb_use_builder":"","_et_pb_old_content":"","_et_gb_content_width":""},"product_cat":[119],"product_tag":[],"class_list":{"0":"post-13705","1":"product","2":"type-product","3":"status-publish","4":"has-post-thumbnail","6":"product_cat-11_06-catrina","7":"pa_color-blanco","8":"pa_color-negro","10":"first","11":"instock","12":"shipping-taxable","13":"purchasable","14":"product-type-variable"},"_links":{"self":[{"href":"https:\/\/pandita.mx\/index.php\/wp-json\/wp\/v2\/product\/13705","targetHints":{"allow":["GET"]}}],"collection":[{"href":"https:\/\/pandita.mx\/index.php\/wp-json\/wp\/v2\/product"}],"about":[{"href":"https:\/\/pandita.mx\/index.php\/wp-json\/wp\/v2\/types\/product"}],"replies":[{"embeddable":true,"href":"https:\/\/pandita.mx\/index.php\/wp-json\/wp\/v2\/comments?post=13705"}],"wp:featuredmedia":[{"embeddable":true,"href":"https:\/\/pandita.mx\/index.php\/wp-json\/wp\/v2\/media\/13691"}],"wp:attachment":[{"href":"https:\/\/pandita.mx\/index.php\/wp-json\/wp\/v2\/media?parent=13705"}],"wp:term":[{"taxonomy":"product_cat","embeddable":true,"href":"https:\/\/pandita.mx\/index.php\/wp-json\/wp\/v2\/product_cat?post=13705"},{"taxonomy":"product_tag","embeddable":true,"href":"https:\/\/pandita.mx\/index.php\/wp-json\/wp\/v2\/product_tag?post=13705"}],"curies":[{"name":"wp","href":"https:\/\/api.w.org\/{rel}","templated":true}]}}