{"id":13027,"date":"2024-10-13T08:39:07","date_gmt":"2024-10-13T06:39:07","guid":{"rendered":"https:\/\/pandita.mx\/?post_type=product&#038;p=13027"},"modified":"2024-10-13T08:42:47","modified_gmt":"2024-10-13T06:42:47","slug":"mario-dia-de-muertos","status":"publish","type":"product","link":"https:\/\/pandita.mx\/index.php\/producto\/mario-dia-de-muertos\/","title":{"rendered":"Mario D\u00eda de Muertos"},"content":{"rendered":"<p>Salta a la diversi\u00f3n en tu D\u00eda de Muertos con Mario Bros! Luce nuestras playeras de calaveritas de az\u00facar y recuerda: &#8216;\u00a1Mamma m\u00eda, es hora de celebrar!&#8217; Encuentra tu dise\u00f1o en Pandita.mx y haz de tu homenaje algo \u00e9pico.<\/p>\n","protected":false},"excerpt":{"rendered":"<p>Salta a la diversi\u00f3n en tu D\u00eda de Muertos con Mario Bros! Luce nuestras playeras de calaveritas de az\u00facar y recuerda: &#8216;\u00a1Mamma m\u00eda, es hora de celebrar!&#8217; Encuentra tu dise\u00f1o en Pandita.mx y haz de tu homenaje algo \u00e9pico.<\/p>\n","protected":false},"featured_media":11975,"comment_status":"open","ping_status":"closed","template":"","meta":{"_et_pb_use_builder":"","_et_pb_old_content":"","_et_gb_content_width":""},"product_cat":[116],"product_tag":[],"class_list":{"0":"post-13027","1":"product","2":"type-product","3":"status-publish","4":"has-post-thumbnail","6":"product_cat-11_03-cartoon","7":"pa_color-blanco","8":"pa_color-negro","10":"first","11":"instock","12":"shipping-taxable","13":"purchasable","14":"product-type-variable"},"_links":{"self":[{"href":"https:\/\/pandita.mx\/index.php\/wp-json\/wp\/v2\/product\/13027","targetHints":{"allow":["GET"]}}],"collection":[{"href":"https:\/\/pandita.mx\/index.php\/wp-json\/wp\/v2\/product"}],"about":[{"href":"https:\/\/pandita.mx\/index.php\/wp-json\/wp\/v2\/types\/product"}],"replies":[{"embeddable":true,"href":"https:\/\/pandita.mx\/index.php\/wp-json\/wp\/v2\/comments?post=13027"}],"wp:featuredmedia":[{"embeddable":true,"href":"https:\/\/pandita.mx\/index.php\/wp-json\/wp\/v2\/media\/11975"}],"wp:attachment":[{"href":"https:\/\/pandita.mx\/index.php\/wp-json\/wp\/v2\/media?parent=13027"}],"wp:term":[{"taxonomy":"product_cat","embeddable":true,"href":"https:\/\/pandita.mx\/index.php\/wp-json\/wp\/v2\/product_cat?post=13027"},{"taxonomy":"product_tag","embeddable":true,"href":"https:\/\/pandita.mx\/index.php\/wp-json\/wp\/v2\/product_tag?post=13027"}],"curies":[{"name":"wp","href":"https:\/\/api.w.org\/{rel}","templated":true}]}}