{"id":1150,"date":"2024-05-01T07:31:31","date_gmt":"2024-05-01T05:31:31","guid":{"rendered":"https:\/\/pandita.mx\/?post_type=product&#038;p=1150"},"modified":"2024-05-01T07:31:32","modified_gmt":"2024-05-01T05:31:32","slug":"fede-la-definicion-perfecta","status":"publish","type":"product","link":"https:\/\/pandita.mx\/index.php\/producto\/fede-la-definicion-perfecta\/","title":{"rendered":"Fede la Definici\u00f3n Perfecta"},"content":{"rendered":"<p>Dise\u00f1o de Fede en su \u00e9xito la Definici\u00f3n Perfecta<\/p>\n","protected":false},"excerpt":{"rendered":"<p>Dise\u00f1o de Fede en su \u00e9xito la Definici\u00f3n Perfecta<\/p>\n","protected":false},"featured_media":1148,"comment_status":"open","ping_status":"closed","template":"","meta":{"_et_pb_use_builder":"","_et_pb_old_content":"","_et_gb_content_width":""},"product_cat":[35,28],"product_tag":[],"class_list":{"0":"post-1150","1":"product","2":"type-product","3":"status-publish","4":"has-post-thumbnail","6":"product_cat-dia-del-nino","7":"product_cat-musica","9":"first","10":"instock","11":"shipping-taxable","12":"purchasable","13":"product-type-simple"},"_links":{"self":[{"href":"https:\/\/pandita.mx\/index.php\/wp-json\/wp\/v2\/product\/1150","targetHints":{"allow":["GET"]}}],"collection":[{"href":"https:\/\/pandita.mx\/index.php\/wp-json\/wp\/v2\/product"}],"about":[{"href":"https:\/\/pandita.mx\/index.php\/wp-json\/wp\/v2\/types\/product"}],"replies":[{"embeddable":true,"href":"https:\/\/pandita.mx\/index.php\/wp-json\/wp\/v2\/comments?post=1150"}],"wp:featuredmedia":[{"embeddable":true,"href":"https:\/\/pandita.mx\/index.php\/wp-json\/wp\/v2\/media\/1148"}],"wp:attachment":[{"href":"https:\/\/pandita.mx\/index.php\/wp-json\/wp\/v2\/media?parent=1150"}],"wp:term":[{"taxonomy":"product_cat","embeddable":true,"href":"https:\/\/pandita.mx\/index.php\/wp-json\/wp\/v2\/product_cat?post=1150"},{"taxonomy":"product_tag","embeddable":true,"href":"https:\/\/pandita.mx\/index.php\/wp-json\/wp\/v2\/product_tag?post=1150"}],"curies":[{"name":"wp","href":"https:\/\/api.w.org\/{rel}","templated":true}]}}