{"id":1123,"date":"2024-04-26T07:53:30","date_gmt":"2024-04-26T05:53:30","guid":{"rendered":"https:\/\/pandita.mx\/?post_type=product&#038;p=1123"},"modified":"2024-04-26T08:09:43","modified_gmt":"2024-04-26T06:09:43","slug":"garfield","status":"publish","type":"product","link":"https:\/\/pandita.mx\/index.php\/producto\/garfield\/","title":{"rendered":"Garfield bordado"},"content":{"rendered":"<p>Garfield es un personaje ic\u00f3nico de c\u00f3mics creado por Jim Davis en 1978. Es un gato naranja y gordo que ama la comida, especialmente la lasa\u00f1a, y odia los lunes. Es conocido por su personalidad perezosa, sarc\u00e1stica y ego\u00edsta, pero tambi\u00e9n por su afecto hacia su due\u00f1o, Jon Arbuckle, y su amigo canino Odie<\/p>\n","protected":false},"excerpt":{"rendered":"<p>Garfield es un personaje ic\u00f3nico de c\u00f3mics creado por Jim Davis en 1978. Es un gato naranja y gordo que ama la comida, especialmente la lasa\u00f1a, y odia los lunes. Es conocido por su personalidad perezosa, sarc\u00e1stica y ego\u00edsta, pero tambi\u00e9n por su afecto hacia su due\u00f1o, Jon Arbuckle, y su amigo canino Odie<\/p>\n","protected":false},"featured_media":1096,"comment_status":"open","ping_status":"closed","template":"","meta":{"_et_pb_use_builder":"","_et_pb_old_content":"","_et_gb_content_width":""},"product_cat":[35,44],"product_tag":[],"class_list":{"0":"post-1123","1":"product","2":"type-product","3":"status-publish","4":"has-post-thumbnail","6":"product_cat-dia-del-nino","7":"product_cat-garfield","9":"first","10":"instock","11":"shipping-taxable","12":"purchasable","13":"product-type-simple"},"_links":{"self":[{"href":"https:\/\/pandita.mx\/index.php\/wp-json\/wp\/v2\/product\/1123","targetHints":{"allow":["GET"]}}],"collection":[{"href":"https:\/\/pandita.mx\/index.php\/wp-json\/wp\/v2\/product"}],"about":[{"href":"https:\/\/pandita.mx\/index.php\/wp-json\/wp\/v2\/types\/product"}],"replies":[{"embeddable":true,"href":"https:\/\/pandita.mx\/index.php\/wp-json\/wp\/v2\/comments?post=1123"}],"wp:featuredmedia":[{"embeddable":true,"href":"https:\/\/pandita.mx\/index.php\/wp-json\/wp\/v2\/media\/1096"}],"wp:attachment":[{"href":"https:\/\/pandita.mx\/index.php\/wp-json\/wp\/v2\/media?parent=1123"}],"wp:term":[{"taxonomy":"product_cat","embeddable":true,"href":"https:\/\/pandita.mx\/index.php\/wp-json\/wp\/v2\/product_cat?post=1123"},{"taxonomy":"product_tag","embeddable":true,"href":"https:\/\/pandita.mx\/index.php\/wp-json\/wp\/v2\/product_tag?post=1123"}],"curies":[{"name":"wp","href":"https:\/\/api.w.org\/{rel}","templated":true}]}}