{"id":1030,"date":"2024-04-25T07:04:08","date_gmt":"2024-04-25T05:04:08","guid":{"rendered":"https:\/\/pandita.mx\/?post_type=product&#038;p=1030"},"modified":"2024-04-25T07:16:28","modified_gmt":"2024-04-25T05:16:28","slug":"bellota","status":"publish","type":"product","link":"https:\/\/pandita.mx\/index.php\/producto\/bellota\/","title":{"rendered":"Bellota"},"content":{"rendered":"<p>Bellota es un personaje querido por su determinaci\u00f3n y su disposici\u00f3n para enfrentarse a cualquier desaf\u00edo. Junto con Bomb\u00f3n y Azul, forma un equipo din\u00e1mico que demuestra que las chicas pueden ser igual de fuertes y valientes como los superh\u00e9roes<\/p>\n","protected":false},"excerpt":{"rendered":"<p>Bellota es un personaje querido por su determinaci\u00f3n y su disposici\u00f3n para enfrentarse a cualquier desaf\u00edo. Junto con Bomb\u00f3n y Azul, forma un equipo din\u00e1mico que demuestra que las chicas pueden ser igual de fuertes y valientes como los superh\u00e9roes<\/p>\n","protected":false},"featured_media":1025,"comment_status":"open","ping_status":"closed","template":"","meta":{"_et_pb_use_builder":"","_et_pb_old_content":"","_et_gb_content_width":""},"product_cat":[26,34,35],"product_tag":[],"class_list":{"0":"post-1030","1":"product","2":"type-product","3":"status-publish","4":"has-post-thumbnail","6":"product_cat-cartoon","7":"product_cat-chicas-super-poderosas","8":"product_cat-dia-del-nino","10":"first","11":"instock","12":"shipping-taxable","13":"purchasable","14":"product-type-simple"},"_links":{"self":[{"href":"https:\/\/pandita.mx\/index.php\/wp-json\/wp\/v2\/product\/1030","targetHints":{"allow":["GET"]}}],"collection":[{"href":"https:\/\/pandita.mx\/index.php\/wp-json\/wp\/v2\/product"}],"about":[{"href":"https:\/\/pandita.mx\/index.php\/wp-json\/wp\/v2\/types\/product"}],"replies":[{"embeddable":true,"href":"https:\/\/pandita.mx\/index.php\/wp-json\/wp\/v2\/comments?post=1030"}],"wp:featuredmedia":[{"embeddable":true,"href":"https:\/\/pandita.mx\/index.php\/wp-json\/wp\/v2\/media\/1025"}],"wp:attachment":[{"href":"https:\/\/pandita.mx\/index.php\/wp-json\/wp\/v2\/media?parent=1030"}],"wp:term":[{"taxonomy":"product_cat","embeddable":true,"href":"https:\/\/pandita.mx\/index.php\/wp-json\/wp\/v2\/product_cat?post=1030"},{"taxonomy":"product_tag","embeddable":true,"href":"https:\/\/pandita.mx\/index.php\/wp-json\/wp\/v2\/product_tag?post=1030"}],"curies":[{"name":"wp","href":"https:\/\/api.w.org\/{rel}","templated":true}]}}